er when (-2)/(-1) + -2 + u is divided by v.
11
Suppose 24 - 227 = 5*a - 3*b, -5*b = -2*a - 85. Let o = a - -53. Calculate the remainder when 45 is divided by o.
6
Let k = -20 + 16. What is the remainder when 19 is divided by k/(-14) - 33/(-7)?
4
Suppose -3*k - 12 = -5*l, -4*k - 2 + 15 = 3*l. Suppose 11*g - l*g = 1000. What is the remainder when g is divided by 32?
29
Let n(v) be the first derivative of -v**4/4 - v**3/3 - v**2 + 18*v + 3. What is the remainder when 71 is divided by n(0)?
17
Suppose -2*u + 3636 = 16*u. Calculate the remainder when u is divided by 41.
38
Let j be (-42)/21 - 9/(-1). Suppose -j*h + 21 = -0*h. Calculate the remainder when 8/(-2)*(-18)/8 is divided by h.
0
Let n(x) = -x**2 + 12*x + 7. Let j be n(13). Let i = 16 + j. Let v = 20 - 14. What is the remainder when i is divided by v?
4
What is the remainder when (122 - 1) + -2 + 0 + 0 is divided by 30?
29
Suppose 7*l = 6*l - 2*g + 70, 3*l + 4*g - 210 = 0. What is the remainder when l is divided by 9?
7
Let m(r) = -7*r + 22. Calculate the remainder when 56 is divided by m(-1).
27
Suppose h - 2*t = 257, -5*h + t - 2*t = -1285. Calculate the remainder when h is divided by 26.
23
Suppose 0 = 4*q - 0*q - 116. Suppose 3*c = -5 + q. Let i = 10 - c. Calculate the remainder when 3 is divided by i.
1
Let y = -35 + 40. Suppose 0 = -2*j - q + 1, -y*q - 9 = 3*j - 0*q. Let k(c) = 5*c**2 + 5*c - 5. What is the remainder when k(j) is divided by 14?
11
Let m be 22 - ((4 - -2)/(-3))/2. Suppose 2*b - 81 = -3*f, -4*f - 5*b + 85 + m = 0. Calculate the remainder when f is divided by 12 + (1 + 0)*-2.
7
Suppose -21*m + 377 = -8*m. Suppose 2*t - 3*f - m = 0, 4*t + 5 - 75 = 2*f. Calculate the remainder when 33 is divided by t.
14
Let y = -228 + 353. What is the remainder when y is divided by 23?
10
Let a = 7 + -8. Suppose 0 = -u + q + 5, -3*u + 46 + 4 = 4*q. Calculate the remainder when u is divided by a + 1 - (-12)/2.
4
Let u(p) = -4*p. What is the remainder when 155 is divided by u(-13)?
51
Let r(k) = -2*k + 102. Let o be r(48). Let q(y) = -y**3 - y + 0*y + 7*y**2 - y - 4. Calculate the remainder when 57 is divided by q(o).
17
Suppose -3*s - 5*r + 71 = -4*r, s - 29 = 5*r. Suppose -32 = -2*k + 4*l, 3 = -3*l - 0*l. What is the remainder when 0 + 732/14 - s/84 is divided by k?
10
Suppose 4*b = 3*b + 3. Let s = b + -20. Let n = -14 - s. What is the remainder when 11 is divided by n?
2
Let f = 32 + -28. Suppose -2*q = f*p - 24, -6*p - 24 = -4*q - 2*p. Calculate the remainder when 21 is divided by q.
5
Let f = 7 - 7. Suppose -4*w + 0*w + 4*d - 12 = 0, f = 4*w + 4*d + 36. What is the remainder when -2 - 2*51/w is divided by 6?
3
What is the remainder when (-57815)/(-217) + 51/(-21) + 2 is divided by 9?
5
Let u(g) = -g**3 - 11*g**2 + g + 16. Let p be u(-11). Suppose 3*h = -2*n - 1 + 6, -p*n + 22 = -2*h. What is the remainder when n is divided by 2?
0
Let k be (-12)/42 + 1203/21. Let c = -28 + k. Suppose -3*j = 2*m - 28, -4*m - j + 24 = -3*j. What is the remainder when c is divided by m?
5
Let b(c) = -2*c**2 - 6*c - 14. Let o be b(-5). Let y = o - -39. Calculate the remainder when 23 is divided by y.
3
Suppose -5*w = -4*h + 33, -4*w = -3*h + w + 21. Suppose 2*j + 0*v - 20 = 3*v, 2*j - h = -v. Calculate the remainder when 20 is divided by j.
6
Suppose -2 = -a, 5*a + 41 = 27*v - 26*v. Suppose 2*l - 1003 = -5*q, 0*q + 3*l - 801 = -4*q. What is the remainder when q is divided by v?
48
Let f = 15 - 13. Suppose f*x - 24 = -0*x. Suppose -z - x = -2*z. Calculate the remainder when z is divided by 7.
5
Let v = 15 + -9. Let x be -3*-6*v/27. Suppose -t - x*q = -34, 0*q + 3*q = -t + 30. Calculate the remainder when t is divided by 5.
3
Suppose -5*w = -17 + 7. Suppose -6*v + 496 = -w*v. What is the remainder when v is divided by 25?
24
Let m(j) = 2*j**3 + 7*j**2 + 11*j + 4. Let v(n) = -n. Let g(q) = -m(q) - 6*v(q). Let f = 109 - 97. What is the remainder when g(-4) is divided by f?
8
Let y(u) = -u**2 + 29*u - 16. Calculate the remainder when 67 is divided by y(28).
7
Let a(w) = -w**3 + 9*w**2 + 2*w - 9. Let k be 1 + -1 + 24/3 + 0. What is the remainder when a(k) is divided by 37?
34
Let r(f) = 3*f**2 - 23*f - 8. Let x be r(8). Suppose x = -b - 8*t + 3*t + 49, t - 4 = 0. Calculate the remainder when b is divided by 16.
13
Let r(k) = k**2 - 8*k + 10. Let l be r(10). Let d = l + -21. What is the remainder when ((-39)/2)/13*(-44)/2 is divided by d?
6
Suppose 104*n - 109*n + 425 = 0. What is the remainder when 198 is divided by n?
28
Suppose 3*l = 4*r - 22, -l + 10 = -6*l. Suppose -5*s - 15 = 0, 5*b = -0*b - 2*s + r. What is the remainder when (3 - -15) + -3 + b is divided by 6?
5
Let z be (-1 + -4)/((-15)/6). Suppose 0 = -z*q + 7 - 3. Suppose 4*x - 116 = -5*t - 22, 4*x = q*t + 80. Calculate the remainder when 83 is divided by x.
20
Let c(j) = 5*j - 3. Suppose -3*z + 6 = v, 5*v - z = 2*z + 12. Suppose -1299 - 373 = -76*p. Calculate the remainder when p is divided by c(v).
10
Let m(f) = -f + 24. Let i be m(18). Suppose -10 = -i*v + 176. What is the remainder when 122 is divided by v?
29
Suppose i = 14*w - 13*w + 59, 0 = -3*i - w + 193. Suppose 12*t = 33 + i. Calculate the remainder when 125 is divided by t.
5
Let d(b) = b**3 - 3*b**2 - 11*b + 9. What is the remainder when 405 is divided by d(6)?
48
Let k = -12 + 21. Suppose 0 = -15*c + 140 + 85. Calculate the remainder when c is divided by k.
6
What is the remainder when 394 is divided by (-1*36)/(-3)*(-30)/(-10)?
34
Let z(k) = -2*k**2 - 21*k + 10. Let s be z(-11). What is the remainder when 61 is divided by 21 + 15 - (s + -5)/(-2)?
28
Suppose 0 = 4*d - 9*h + 7*h - 356, -5*d - 4*h + 432 = 0. Let q = 55 - 37. What is the remainder when d is divided by q?
16
Let x(j) = 37*j**2 + j. Let o be x(-1). Suppose -2*b = 2*r + 40, -2*b - 3*r - 2*r - 28 = 0. Let i = b + o. Calculate the remainder when i is divided by 7.
5
Let h(y) = -15*y - 6. Suppose 4*w + 19 + 5 = 0. Calculate the remainder when h(w) is divided by 22.
18
Let d be (3 - (3 + 2))*-22. Calculate the remainder when 30 is divided by (-63)/(-4) - (-11)/d.
14
Suppose 8*d - 47 = 5*d - j, 2*d = j + 38. Calculate the remainder when 236 is divided by d.
15
Let h = 87 + -55. Suppose -2*q - 2*b = -3*b - 38, 4*b + h = 2*q. Calculate the remainder when q is divided by 11.
9
Let s = 26 + -1. Let q(r) = 26*r**2 - 3*r. What is the remainder when q(2) is divided by s?
23
Let f(d) = 21*d - 1097. What is the remainder when f(54) is divided by 28?
9
Let r be 0 + (-1)/((-1)/3). Suppose 82 = 4*x - 4*g + 26, 3*g + r = 0. Calculate the remainder when x is divided by 8.
5
Let k = 4 + 21. Suppose -b - 2*i + 159 = 0, -3*b + b + 345 = -5*i. Suppose 166*l - b*l = 74. Calculate the remainder when l is divided by k.
24
Let l(r) = 14*r - 2*r - 1 - 3 - 4. What is the remainder when l(4) is divided by 9?
4
Let w = 367 - 299. Calculate the remainder when w is divided by 7.
5
Suppose -h = 5*i + 12, 0 = -4*h - i - 26 - 98. Let g = -14 - h. Let l = -21 - -31. Calculate the remainder when g is divided by l.
8
Let l = -465 - -561. Calculate the remainder when l is divided by 25.
21
Let v(l) = l**3 + 17*l**2 - 38*l + 6. Calculate the remainder when 45 is divided by v(-19).
3
Let o(z) = 2*z**2 + 2*z + 2. Let m be o(-2). Suppose -22 = -4*i + a, m = 4*a - 7*a. Suppose -10*g + 135 = -i*g. Calculate the remainder when g is divided by 8.
3
Suppose 6*t - t = 400. Calculate the remainder when 38 is divided by (t/12)/(8/12).
8
Suppose -12 = 4*p, -5*d - 139 = 4*p - 17. Let t = 74 + d. What is the remainder when 102 is divided by t?
50
Suppose 0 = -4*o + 2*o, -5*o + 255 = 5*c. What is the remainder when c is divided by 24?
3
Suppose 0 = 4*r - 28 - 0. What is the remainder when 26 is divided by r?
5
Let b(k) = 22*k + 3 - 11 + 9. Let a be b(-1). What is the remainder when (a/(-3 - 0))/1 is divided by 3?
1
Suppose -g + 5 + 13 = 0. Let z(l) = 7*l - 9. Calculate the remainder when z(6) is divided by g.
15
Let h(d) = d**3 + 21*d**2 - 3*d - 45. Suppose -3*g - 68 = -5*g. What is the remainder when g is divided by h(-21)?
16
Let s(r) = r - 2. Let h(x) = 3*x - 45. Let p(o) = -h(o) + 4*s(o). What is the remainder when p(5) is divided by 15?
12
Suppose -2*v + 6 = -4*x, 4*x = 5*v - x. Let u be (-1 - v)/(3/330). Suppose 5*o - u = o. Calculate the remainder when o is divided by 14